= -u - 5*c, -1202 + 392 = -u + 3*c. Suppose 2*j - 319 = -3*m, -j - 2*m = 4*j - u. Is j a prime number?
True
Suppose -3*k + k + 80 = 0. Let z be 17*(9 + 5)/2. Suppose 0 = 3*o - k - z. Is o prime?
True
Suppose -46*h + k = -44*h - 154269, k - 5 = 0. Is h a composite number?
False
Suppose 0 = 2*u - f - 3671 - 1922, -5*u + 13990 = -f. Let t = u - 440. Is t a composite number?
True
Let o = 149 - -334. Suppose z - o = -102. Is z prime?
False
Suppose 0 = -s + 2*s - 1. Suppose 2*p + 3*t - 3 = -2*t, t + s = 0. Suppose m = p*m - 141. Is m a prime number?
True
Let d be (-257)/(-2) + 1 + 58/116. Suppose -d = -2*m + 5*t, 5*t + 8 + 12 = 0. Is m a prime number?
False
Suppose 300342 = -2551*q + 2557*q. Is q composite?
True
Let m = 25 + -23. Is (8245/(-34))/(m/(-4)) a prime number?
False
Let y be ((-3)/(-8))/((-6)/(-48)). Suppose -y*j + 2823 = -1314. Is j a composite number?
True
Is 153/306*(44793 - 1*-1) prime?
True
Suppose 3*p = -3*f, -2*p + f + 2*f + 20 = 0. Suppose h - 2*d - 445 = 0, -7*d = -3*d + p. Is h composite?
False
Let x(o) be the third derivative of o**5/20 - 3*o**4/8 + o**3 + 5*o**2. Let w be x(-11). Let t = -283 + w. Is t prime?
False
Let p be -12*(-6)/6*(-139)/2. Let q = 1843 + p. Is q prime?
True
Suppose -5*n - 5*p + 4*p + 33890 = 0, 0 = -n - p + 6774. Is n a composite number?
False
Let g be 4 - 4 - (1 - 4). Suppose -508 = -7*p + g*p. Suppose -p = 5*b - 6*b. Is b prime?
True
Suppose h + 1052 = -5*a, 0*h + 4*a - 4160 = 4*h. Let r(k) = 132*k**2 + 4*k + 1. Let y be r(-4). Let b = h + y. Is b prime?
False
Suppose 66 = u + 10*u. Suppose 0 = 4*s - u*s + 1266. Is s a composite number?
True
Let i(r) = 0*r**2 - 2*r + 2 - 3 + 29*r**2 + 23*r**2. Let s be (-2)/((-5 - -1)/(-2)). Is i(s) a composite number?
False
Suppose -2*l - 2 = -l. Let z(k) = k**2 - k - 2. Let i be z(l). Suppose -6 = -i*r - 14, -5*r + 715 = 5*t. Is t a prime number?
False
Is 0*(-4 - 49/(-14)) - -3163 prime?
True
Is ((-284)/(-24))/((-2)/(-24)) composite?
True
Suppose -4*i - 9 = -v - i, 4*v - 5*i = 22. Suppose -3*t = -b - 3409, -4614 = -v*t + 3*b - 1197. Is t a prime number?
False
Let j be (-24)/(-32)*1*496. Is (58/(-4))/((-6)/j) a prime number?
False
Let u(w) = 1042*w + 13. Is u(9) composite?
False
Suppose 3*r + 5*q = -0*q + 34068, r = -q + 11358. Is ((-1)/(-3))/(7/r) prime?
True
Suppose -9*d - 15 = -14*d. Is (-1 + 2 - d)*(-17337)/6 prime?
True
Suppose -4*l + 7 = -5. Suppose -244 = -2*i - 3*i + l*b, i = b + 50. Suppose -h = -2*h + i. Is h a composite number?
False
Is (-9648)/(-9) - (-3)/(2 + -3) prime?
True
Suppose d - 11 = 4*x, 0 = 3*d + 5*x - 3*x - 5. Suppose 5*f - 587 = -3*t + 5*t, -d*t - 226 = -2*f. Is f a prime number?
False
Let c(r) = 10*r - 12*r - 41 - r**2 - 12*r - 19*r. Is c(-25) a composite number?
True
Suppose 5*k = -4*j + 13, j + 7 = k - 1. Suppose -160 = -0*w - k*w. Let b = 111 - w. Is b a composite number?
False
Let i(r) = 453*r**2 - 8*r + 3. Let g(x) = -x + 4. Let t be g(2). Is i(t) composite?
True
Let q = 421 - 276. Suppose -2*c + 2*b = -54, 2*c - 3*b - 55 = -0. Let k = q - c. Is k prime?
False
Suppose 2*p - 2835 = -2*p + 5*y, 3600 = 5*p + 5*y. Suppose 6*h - p = h. Is h composite?
True
Let o = 3741 - 2084. Is o prime?
True
Suppose -3*j = -j - 1666. Let v = -168 + 243. Suppose -2*f + j = v. Is f a prime number?
True
Let i be -5 - (5 - (4 - 0))/1. Let j(p) = -176*p - 1. Is j(i) a prime number?
False
Suppose -6 - 8 = -2*h. Let w(a) be the first derivative of a**4/2 - 8*a**3/3 + 13*a - 87. Is w(h) composite?
False
Let k = -4876 - 19927. Let i be k/68 + 1/(-4). Let z = i - -882. Is z composite?
True
Is 3/(15/89765 + 0) a prime number?
False
Let p be (-1)/(5 + 24/(-4)). Is 5 - (-1001 - 3)/p a composite number?
False
Suppose 0 = 42*d - 5*d - 160099. Is d prime?
True
Is 387*16 + (-195)/(-39) composite?
False
Suppose -3*p + 385 = -191. Is p + (0 + 2 - 3) prime?
True
Is -2*-3*(-3205)/(-30) a composite number?
False
Suppose -23*w + 24 = -17*w, -3*x - 3*w = -216045. Is x a composite number?
True
Let f = -1036 + 1454. Suppose 0 = 2*d + 3*s - f, 2*s + 627 = 3*d + s. Is d prime?
False
Let i(c) = 215*c + 2. Let y = 10 + -4. Suppose 3*h - y = -3. Is i(h) prime?
False
Let u = 232 - 134. Suppose -4*f = -u - 3186. Is f a composite number?
False
Let j = 21494 + 20375. Is j a prime number?
False
Let s be (0 - -537)*11/3. Suppose -9307 = -4*i + s. Is i prime?
True
Suppose -448073 = -36*s + 91315. Is s composite?
False
Let o(n) = -n + 17. Let z be -11 + -1 - (-9 - -11). Is o(z) composite?
False
Suppose 0 = -y - 1 + 10. Let r(v) = 4*v**2 + 38. Let a be r(11). Suppose y*s - 3*s = a. Is s a prime number?
False
Let m = 121954 + -81689. Is m composite?
True
Let v(k) = k**2 - 12*k - 11. Let q(y) = y**3 + 11*y**2 + 13. Let i be q(-11). Let d be v(i). Suppose 0 = -d*s + z + 224, -6*z = 4*s - 2*z - 436. Is s composite?
True
Let q be 14/5 + 36/(-45). Suppose 2*c + 4 = -q*h - 2*h, 0 = -3*h - 9. Is 0 - c - (7 - 318) composite?
False
Suppose 0 = -3*x + 735 + 60. Is (-7 + 4)*x/(-15) a prime number?
True
Suppose -13*p + 8*p = 2*w - 5305, w = 0. Is p prime?
True
Let w be (-140)/(-20) - (-5)/(-1). Suppose -4*t + 3071 = -4*l + 5*l, t + w = 0. Is l prime?
True
Suppose -5*f + 64 + 66 = 0. Let i be f*((-9)/6 + 2). Is (-2 - i)/(3 + -4) a prime number?
False
Suppose -3*j = -9 - 0. Suppose 5*f + 593 = 3*s, j*f = f + 4. Is s a composite number?
True
Let p be 10/(-4)*24/(-15) - 4. Is 78/195 + (p - (-2193)/5) a prime number?
True
Suppose 2*z = -0*z + c + 201, 2*z - 3*c - 203 = 0. Let p = 194 - z. Is p prime?
False
Let c(n) = 156*n - 1 + 8 + 88*n. Is c(3) a prime number?
True
Suppose -5*s + 3*s + 5*q - 31 = 0, 4*s = 2*q - 38. Is (-21579)/(-12) - 6/s composite?
True
Let a = 1105 + -1018. Is a composite?
True
Let g(k) = -k + 8. Let b be g(6). Suppose b - 10 = -5*i - 4*p, 3*p = -9. Is (118/10)/(i/20) composite?
False
Let x = 5 + 4. Suppose 8*t + 2638 = x*t. Is t a composite number?
True
Is 0/(-2) + 23751 + 8 + 2 a composite number?
False
Suppose 60280 + 30587 = 21*t. Is t prime?
True
Is 2478 - 4/12*-3 composite?
True
Suppose -25 = -5*d + 4*t, 4*d + 5*t = -0 + 20. Suppose 6*r = d*r + 149. Is r a composite number?
False
Let g = 4574 - 1755. Is g prime?
True
Let k be 1877 + -2 + -4 + 2. Suppose -4*y = u - k, 4*y - 2*y = -2*u + 932. Is y composite?
True
Let x(g) = g**3 - 9*g**2 + 11*g - 12. Let y = 7 - -1. Let a be x(y). Is (452/(-16))/((-3)/a) prime?
True
Let p = -60487 + 113257. Is p/105 - (-3)/7 a composite number?
False
Suppose 18*h = 32*h - 94906. Is h a prime number?
True
Let j be 94359/21 + 4/(-42)*3. Is j/9 + 4/(-18) composite?
False
Let y(b) = 5*b - 4*b - 41 + 30*b - b**2. Is y(20) a composite number?
False
Let q = -27 + 29. Let x = q - -2. Suppose 5*l - 641 = x*l. Is l composite?
False
Suppose -5*x - 3*b + 62478 - 11008 = 0, -b = x - 10294. Is x a prime number?
False
Suppose 4*j - 75662 = -2*r, 3*j - 132157 = -3*r - 18649. Is r a composite number?
True
Let c = 36359 - 15973. Is c composite?
True
Suppose -u + 4*u + 20 = 4*k, 2*k - u = 8. Suppose -6*f + 7096 = -k*f. Let m = 2733 - f. Is m prime?
False
Let k be (-752)/(-3) + (-2 - 49/(-21)). Let d be -2 - (0 + -176) - 0. Let a = k - d. Is a prime?
False
Suppose -c + 2385 = -2000. Is c prime?
False
Suppose 5*t = 3*a + 367, -3*t = -0*a + 2*a - 224. Suppose u = -6*u + 98. Suppose -u*x = -16*x + t. Is x prime?
True
Let t be (-4)/(-7) + 1122/21. Suppose -f + 4*f = t. Let g = f + -11. Is g composite?
False
Is 24844*(-1)/(-4) + 6 prime?
True
Let a(l) = -2*l**2 + 4. Let c be a(-10). Let w = c - -390. Is w prime?
False
Is (-43314)/(-5) - (-14 + 138/10) composite?
False
Let f be 4/6*6 + (-7 - -8). Suppose -4*x + 12426 = -f*l, 7*l = -5*x + 2*l + 15555. Is x prime?
True
Let y(g) = -395*g**3 + g + 1. Let f be y(-1). Is (7/5)/(1/f) a composite number?
True
Let b = -14 + 20. Is ((-838)/6)/((-127)/21 + b) a composite number?
True
Suppose 5*r + 26 = 3*m + 3*r, -3*m + 4*r + 16 = 0. Suppose -w + 4 = -m. Is 28*(60/w)/3 a composite number?
True
Is (-2)/9 + (-34222)/(-18) prime?
True
Suppose -c + 2*c = 5*w + 65, c - 61 = 4*w. Suppose -2*j + p + 8 = 68, -5*j = -p + 153. Let l = j + c. Is l a composite number?
True
Let l = -30568 + 167649. Is l a composite number?
True
Let u(n) be the second derivative of -n**5/20 + 2*n**4/3 - 2*n**3/3 + 13*n**2/2 + 5*n. Is u(7) composite?
True
Suppose -7*k - 